{"id":4657,"date":"2022-08-04T16:24:25","date_gmt":"2022-08-04T16:24:25","guid":{"rendered":"http:\/\/localhost\/neoton\/?page_id=9"},"modified":"2025-01-30T00:36:36","modified_gmt":"2025-01-30T00:36:36","slug":"a-cidade","status":"publish","type":"page","link":"https:\/\/pocinhos.pb.gov.br\/site\/a-cidade\/","title":{"rendered":"A cidade"},"content":{"rendered":"\t\t<div data-elementor-type=\"wp-page\" data-elementor-id=\"4657\" class=\"elementor elementor-4657\">\n\t\t\t\t\t\t<section class=\"elementor-section elementor-top-section elementor-element elementor-element-c0a8a7e elementor-section-boxed elementor-section-height-default elementor-section-height-default\" data-id=\"c0a8a7e\" data-element_type=\"section\">\n\t\t\t\t\t\t<div class=\"elementor-container elementor-column-gap-default\">\n\t\t\t\t\t<div class=\"elementor-column elementor-col-50 elementor-top-column elementor-element elementor-element-145faa4\" data-id=\"145faa4\" data-element_type=\"column\">\n\t\t\t<div class=\"elementor-widget-wrap elementor-element-populated\">\n\t\t\t\t\t\t<div class=\"elementor-element elementor-element-b6d60c5 elementor-widget elementor-widget-back-core-heading\" data-id=\"b6d60c5\" data-element_type=\"widget\" data-widget_type=\"back-core-heading.default\">\n\t\t\t\t<div class=\"elementor-widget-container\">\n\t\t\t\t\t        <div class=\"back-heading default  \">\r\n            <div class=\"title-inner\">        \t\t      \t\t\r\n\t            <h2 class=\"title\"><span class=\"watermark\"><\/span>Hist\u00f3ria da cidade<\/h2>\t        <\/div>\r\n\t                <\/div>\r\n\r\n        \t\t\t\t<\/div>\n\t\t\t\t<\/div>\n\t\t\t\t<div class=\"elementor-element elementor-element-45e929f elementor-widget elementor-widget-text-editor\" data-id=\"45e929f\" data-element_type=\"widget\" data-widget_type=\"text-editor.default\">\n\t\t\t\t<div class=\"elementor-widget-container\">\n\t\t\t\t\t\t\t\t\t<p>Pocinhos teve sua origem em torno de uma fonte e de um campan\u00e1rio. Seu nome originou-se da exist\u00eancia, em determinada \u00e1rea, de diversos pequenos po\u00e7os, contendo \u00e1gua pot\u00e1vel. A povoa\u00e7\u00e3o teve in\u00edcio no s\u00e9culo passado, quando o fazendeiro Jos\u00e9 Aires Pereira edificou a sede de suas fazendas num pequeno morro bem pr\u00f3ximo aos referidos po\u00e7os e construiu entre 1815 e 1817, uma Capela em homenagem a Nossa Senhora da Concei\u00e7\u00e3o.<\/p><p>A evolu\u00e7\u00e3o de Pocinhos tomou impulso maior quando pelo Decreto Diocesano de 8 de dezembro de 1908, foi criada a Par\u00f3quia de Nossa Senhora da Concei\u00e7\u00e3o, desmembrada de Campina Grande. Da\u00ed, o n\u00facleo foi crescendo e tornou-se Distrito de Campina Grande com o nome de Pocinhos, posteriormente, o Decreto Lei Estadual n\u00ba 520, modificou o nome para Joffily e tempos depois voltou ao seu antigo nome.<\/p><p><strong>Gent\u00edlico: pocinhense<\/strong><\/p><p><strong>Forma\u00e7\u00e3o Administrativa<\/strong><\/p><p>Em divis\u00e3o administrativa referente ao ano de 1911, figura no munic\u00edpio de Campina Grande o distrito de Pocinhos. Assim permanecendo em divis\u00f5es territoriais datadas de 31-XII-1936 e 31-XII-1937. Pelo decreto-lei estadual n\u00ba 520, de 31-12-1943, o distrito de Pocinhos passou a denominar-se Joffily. Em divis\u00e3o territorial datada de I-VII-1950, o distrito j\u00e1 denominado Joffily, figura no munic\u00edpio de Capina Grande.<\/p><p>Elevado \u00e0 categoria de munic\u00edpio com a denomina\u00e7\u00e3o de Pocinhos, pela lei estadual n\u00ba 986, de 10-12-1953, desmembrado de Campina Grande. Sede no atual distrito de Pocinhos ex-Joffily. Constitu\u00eddo de 2 distritos: Pocinhos e Puxinan\u00e3, ambos desmembrado de Campina Grande. Instalado em 30-12-1953. Em divis\u00e3o territorial datada de I-VII-1955, o munic\u00edpio \u00e9 constitu\u00eddo de 2 distritos: Pocinhos e Puxinan\u00e3.<\/p><p>Pela lei estadual n\u00ba 1999, de 25-02-1959, \u00e9 criado o distrito de Nazar\u00e9 e anexado ao munic\u00edpio de Pocinhos. Em divis\u00e3o territorial datada de 1-VII-1960, o munic\u00edpio \u00e9 constitu\u00eddo de 3 distritos: Pocinhos, Nazar\u00e9 e Puxinan\u00e3. Pela lei estadual n\u00ba 2611, de 11-12-1961, desmembra do munic\u00edpio de Pocinhos o distrito de Puxinan\u00e3. Elevado \u00e0 categoria de munic\u00edpio.<\/p><p>Em divis\u00e3o territorial datada de 31-XII-1963, o munic\u00edpio \u00e9 constitu\u00eddo de 2 distritos: Pocinhos e Nazar\u00e9. Assim permanecendo em divis\u00e3o territorial datada de 2007.<\/p><p><strong>Altera\u00e7\u00f5es topon\u00edmicas distritais<\/strong><\/p><p>Pocinhos para Joffily alterado, pelo decreto-lei estadual n\u00ba 520, de 31-121943.<br \/>Joffily para novamente Pocinhos alterado, pela lei estadual n\u00ba 986, 10-12-1953.<\/p>\t\t\t\t\t\t\t\t<\/div>\n\t\t\t\t<\/div>\n\t\t\t\t\t<\/div>\n\t\t<\/div>\n\t\t\t\t<div class=\"elementor-column elementor-col-50 elementor-top-column elementor-element elementor-element-90826fe\" data-id=\"90826fe\" data-element_type=\"column\">\n\t\t\t<div class=\"elementor-widget-wrap elementor-element-populated\">\n\t\t\t\t\t\t<section class=\"elementor-section elementor-inner-section elementor-element elementor-element-eb5efdf elementor-section-boxed elementor-section-height-default elementor-section-height-default\" data-id=\"eb5efdf\" data-element_type=\"section\">\n\t\t\t\t\t\t<div class=\"elementor-container elementor-column-gap-default\">\n\t\t\t\t\t<div class=\"elementor-column elementor-col-100 elementor-inner-column elementor-element elementor-element-726aa52\" data-id=\"726aa52\" data-element_type=\"column\">\n\t\t\t<div class=\"elementor-widget-wrap elementor-element-populated\">\n\t\t\t\t\t\t<div class=\"elementor-element elementor-element-27f40b9 elementor-widget elementor-widget-sidebar\" data-id=\"27f40b9\" data-element_type=\"widget\" data-widget_type=\"sidebar.default\">\n\t\t\t\t<div class=\"elementor-widget-container\">\n\t\t\t\t\t<section id=\"media_image-1\" class=\"widget widget_media_image\"><a href=\"https:\/\/pocinhos.pb.gov.br\/site\/politica-nacional-aldir-blanc-pnab\/\"><img decoding=\"async\" width=\"400\" height=\"80\" src=\"https:\/\/pocinhos.pb.gov.br\/site\/wp-content\/uploads\/2025\/01\/pnab.png\" class=\"image wp-image-4880  attachment-full size-full\" alt=\"\" style=\"max-width: 100%; height: auto;\" srcset=\"https:\/\/pocinhos.pb.gov.br\/site\/wp-content\/uploads\/2025\/01\/pnab.png 400w, https:\/\/pocinhos.pb.gov.br\/site\/wp-content\/uploads\/2025\/01\/pnab-300x60.png 300w\" sizes=\"(max-width: 400px) 100vw, 400px\" \/><\/a><\/section><section id=\"media_image-2\" class=\"widget widget_media_image\"><a href=\"https:\/\/docs.google.com\/forms\/d\/e\/1FAIpQLSfwE1nB821J_r21zAhHA9lG_Oa96gh--ALVJ_wwmj5wbbLlkQ\/viewform\"><img decoding=\"async\" width=\"400\" height=\"80\" src=\"https:\/\/pocinhos.pb.gov.br\/site\/wp-content\/uploads\/2025\/01\/ALDIR-4.png\" class=\"image wp-image-4881  attachment-full size-full\" alt=\"\" style=\"max-width: 100%; height: auto;\" srcset=\"https:\/\/pocinhos.pb.gov.br\/site\/wp-content\/uploads\/2025\/01\/ALDIR-4.png 400w, https:\/\/pocinhos.pb.gov.br\/site\/wp-content\/uploads\/2025\/01\/ALDIR-4-300x60.png 300w\" sizes=\"(max-width: 400px) 100vw, 400px\" \/><\/a><\/section><section id=\"media_image-3\" class=\"widget widget_media_image\"><a href=\"https:\/\/pocinhos.pb.gov.br\/site\/lei-paulo-gustavo\/\"><img decoding=\"async\" width=\"400\" height=\"80\" src=\"https:\/\/pocinhos.pb.gov.br\/site\/wp-content\/uploads\/2025\/01\/ALDIR-1.png\" class=\"image wp-image-4882  attachment-full size-full\" alt=\"\" style=\"max-width: 100%; height: auto;\" srcset=\"https:\/\/pocinhos.pb.gov.br\/site\/wp-content\/uploads\/2025\/01\/ALDIR-1.png 400w, https:\/\/pocinhos.pb.gov.br\/site\/wp-content\/uploads\/2025\/01\/ALDIR-1-300x60.png 300w\" sizes=\"(max-width: 400px) 100vw, 400px\" \/><\/a><\/section><section id=\"media_image-5\" class=\"widget widget_media_image\"><a href=\"https:\/\/api.whatsapp.com\/send?phone=5583993647791\"><img loading=\"lazy\" decoding=\"async\" width=\"400\" height=\"80\" src=\"https:\/\/pocinhos.pb.gov.br\/site\/wp-content\/uploads\/2025\/01\/RECENSEAMENTO-SITE-1.png\" class=\"image wp-image-4884  attachment-full size-full\" alt=\"\" style=\"max-width: 100%; height: auto;\" srcset=\"https:\/\/pocinhos.pb.gov.br\/site\/wp-content\/uploads\/2025\/01\/RECENSEAMENTO-SITE-1.png 400w, https:\/\/pocinhos.pb.gov.br\/site\/wp-content\/uploads\/2025\/01\/RECENSEAMENTO-SITE-1-300x60.png 300w\" sizes=\"(max-width: 400px) 100vw, 400px\" \/><\/a><\/section><section id=\"media_image-6\" class=\"widget widget_media_image\"><a href=\"https:\/\/pocinhos.pb.gov.br\/wp-content\/uploads\/2021\/09\/resolucao.pdf\"><img loading=\"lazy\" decoding=\"async\" width=\"400\" height=\"80\" src=\"https:\/\/pocinhos.pb.gov.br\/site\/wp-content\/uploads\/2025\/01\/plano.png\" class=\"image wp-image-4885  attachment-full size-full\" alt=\"\" style=\"max-width: 100%; height: auto;\" srcset=\"https:\/\/pocinhos.pb.gov.br\/site\/wp-content\/uploads\/2025\/01\/plano.png 400w, https:\/\/pocinhos.pb.gov.br\/site\/wp-content\/uploads\/2025\/01\/plano-300x60.png 300w\" sizes=\"(max-width: 400px) 100vw, 400px\" \/><\/a><\/section>\t\t\t\t<\/div>\n\t\t\t\t<\/div>\n\t\t\t\t\t<\/div>\n\t\t<\/div>\n\t\t\t\t\t<\/div>\n\t\t<\/section>\n\t\t\t\t\t<\/div>\n\t\t<\/div>\n\t\t\t\t\t<\/div>\n\t\t<\/section>\n\t\t\t\t<\/div>\n\t\t","protected":false},"excerpt":{"rendered":"<p>Hist\u00f3ria da cidade Pocinhos teve sua origem em torno de uma fonte e de um campan\u00e1rio. Seu nome originou-se da exist\u00eancia, em determinada \u00e1rea, de diversos pequenos po\u00e7os, contendo \u00e1gua pot\u00e1vel. A povoa\u00e7\u00e3o teve in\u00edcio no s\u00e9culo passado, quando o fazendeiro Jos\u00e9 Aires Pereira edificou a sede de suas fazendas num pequeno morro bem pr\u00f3ximo&#8230;<\/p>\n","protected":false},"author":1,"featured_media":0,"parent":0,"menu_order":0,"comment_status":"closed","ping_status":"closed","template":"elementor_header_footer","meta":{"footnotes":""},"class_list":["post-4657","page","type-page","status-publish","hentry"],"aioseo_notices":[],"_links":{"self":[{"href":"https:\/\/pocinhos.pb.gov.br\/site\/wp-json\/wp\/v2\/pages\/4657","targetHints":{"allow":["GET"]}}],"collection":[{"href":"https:\/\/pocinhos.pb.gov.br\/site\/wp-json\/wp\/v2\/pages"}],"about":[{"href":"https:\/\/pocinhos.pb.gov.br\/site\/wp-json\/wp\/v2\/types\/page"}],"author":[{"embeddable":true,"href":"https:\/\/pocinhos.pb.gov.br\/site\/wp-json\/wp\/v2\/users\/1"}],"replies":[{"embeddable":true,"href":"https:\/\/pocinhos.pb.gov.br\/site\/wp-json\/wp\/v2\/comments?post=4657"}],"version-history":[{"count":13,"href":"https:\/\/pocinhos.pb.gov.br\/site\/wp-json\/wp\/v2\/pages\/4657\/revisions"}],"predecessor-version":[{"id":4943,"href":"https:\/\/pocinhos.pb.gov.br\/site\/wp-json\/wp\/v2\/pages\/4657\/revisions\/4943"}],"wp:attachment":[{"href":"https:\/\/pocinhos.pb.gov.br\/site\/wp-json\/wp\/v2\/media?parent=4657"}],"curies":[{"name":"wp","href":"https:\/\/api.w.org\/{rel}","templated":true}]}}