{"id":5225,"date":"2025-01-31T17:35:22","date_gmt":"2025-01-31T17:35:22","guid":{"rendered":"https:\/\/pocinhos.pb.gov.br\/site\/?page_id=5225"},"modified":"2025-01-31T17:37:38","modified_gmt":"2025-01-31T17:37:38","slug":"manifestacoes","status":"publish","type":"page","link":"https:\/\/pocinhos.pb.gov.br\/site\/manifestacoes\/","title":{"rendered":"Manifesta\u00e7\u00f5es"},"content":{"rendered":"<h1><strong>2025<\/strong><\/h1>\n<p><a href=\"http:\/\/pocinhos.pb.gov.br\/wp-content\/uploads\/2025\/01\/SERVICO-PAVIMENTACAO-EM-PARALELEPIPEDO-EM-DIVERSAS-RUAS-DO-MUNICIPIO.pdf\" target=\"_blank\" rel=\"noopener\">SERVI\u00c7O PAVIMENTACAO EM PARALELEPIPEDO EM DIVERSAS RUAS DO MUNICIPIO<\/a><\/p>\n<p><a href=\"http:\/\/pocinhos.pb.gov.br\/wp-content\/uploads\/2025\/01\/MANIFESTACAO-DE-INTERESSE-PAVIMENTACAO-2025.pdf\" target=\"_blank\" rel=\"noopener\">MANIFESTA\u00c7\u00c3O DE INTERESSE \u2013 PAVIMENTA\u00c7\u00c3O 2025<\/a><\/p>\n<h1><strong>2024<\/strong><\/h1>\n<p><a href=\"http:\/\/pocinhos.pb.gov.br\/wp-content\/uploads\/2022\/02\/MANIFESTA%C3%87%C3%83O-DISPENSA-DE-LICITA%C3%87%C3%83O-N%C2%BA-DV00002-2024-SERVI%C3%87OS-DE-CONFEC%C3%87%C3%83O-DE-PADR%C3%95ES-ESPORTIVOS.pdf\" target=\"_blank\" rel=\"noopener noreferrer\">MANIFESTA\u00c7\u00c3O \u2013 CONFEC\u00c7\u00c3O PADR\u00d5ES ESPORTIVOS<\/a><\/p>\n<p><a href=\"http:\/\/pocinhos.pb.gov.br\/wp-content\/uploads\/2022\/02\/MANIFESTA%C3%87%C3%83O-DE-INTERESSE-ARBITRO-1.pdf\">MANIFESTA\u00c7\u00c3O DE INTERESSE \u2013 ARBITRO<\/a><\/p>\n<p><a href=\"http:\/\/pocinhos.pb.gov.br\/wp-content\/uploads\/2022\/02\/MANIFESTA%C3%87%C3%83O-DE-INTERESSE-DISCOS-2.pdf\" target=\"_blank\" rel=\"noopener noreferrer\">MANIFESTA\u00c7\u00c3O DE INTERESSE \u2013 DISCOS GRADE TRATOR<\/a><\/p>\n<p><a href=\"http:\/\/pocinhos.pb.gov.br\/wp-content\/uploads\/2022\/02\/MANIFESTA%C3%87%C3%83O-DE-INTERESSE-PADR%C3%83O.pdf\" target=\"_blank\" rel=\"noopener noreferrer\">MANIFESTA\u00c7\u00c3O DE INTERESSE \u2013 CONFEC\u00c7\u00c3O PADR\u00d5ES ESPORTIVOS<\/a><\/p>\n<p><a href=\"http:\/\/pocinhos.pb.gov.br\/wp-content\/uploads\/2022\/02\/MANIFESTA%C3%87%C3%83O-DE-INTERESSE-PINTURA.pdf\" target=\"_blank\" rel=\"noopener noreferrer\">MANIFESTA\u00c7\u00c3O DE INTERESSE \u2013 PINTURA E SINALIZA\u00c7\u00c3O HORIZONTAL DE VIAS<\/a><\/p>\n<h1><strong>2023<\/strong><\/h1>\n<p><a href=\"http:\/\/pocinhos.pb.gov.br\/wp-content\/uploads\/2022\/02\/MANIFESTA%C3%87%C3%83O_PRETENS%C3%83O-DE-COMPRA-EQUIPAMENTOS-2023.pdf\" target=\"_blank\" rel=\"noopener noreferrer\">PRETENS\u00c3O DE COMPRA \u2013 EQUIPAMENTOS 2023<\/a><\/p>\n<p><a href=\"http:\/\/pocinhos.pb.gov.br\/wp-content\/uploads\/2022\/02\/MANIFESTA%C3%87%C3%83O-DE-INTERESSE-PO%C3%87OS.pdf\" target=\"_blank\" rel=\"noopener noreferrer\">MANIFESTA\u00c7\u00c3O DE INTERESSE \u2013 PO\u00c7OS<\/a><\/p>\n<p><a href=\"http:\/\/pocinhos.pb.gov.br\/wp-content\/uploads\/2022\/02\/MANIFESTA%C3%87%C3%83O-DE-INTERESSE-ACADEMIA.pdf\" target=\"_blank\" rel=\"noopener noreferrer\">MANIFESTA\u00c7\u00c3O DE INTERESSE \u2013 ACADEMIA<\/a><\/p>\n<p><a href=\"http:\/\/pocinhos.pb.gov.br\/wp-content\/uploads\/2022\/02\/MANIFESTA%C3%87%C3%83O-DE-INTERESSE-CONTRATA%C3%87%C3%83O-EMPRESA-RAMO-EXECUTAR-SERVI%C3%87OS-GR%C3%81FICOS-CONFEC%C3%87%C3%83O-FORMUL%C3%81RIOS-DESTINADOS-ATENDER-DEMANDAS-SECRETARIA-DE-SA%C3%9ADE.pdf\" target=\"_blank\" rel=\"noopener noreferrer\">MANIFESTA\u00c7\u00c3O DE INTERESSE \u2013 SERVI\u00c7OS GR\u00c1FICOS<\/a><\/p>\n<h1><strong>2022<\/strong><\/h1>\n<p><a href=\"http:\/\/pocinhos.pb.gov.br\/wp-content\/uploads\/2022\/02\/PRETENS%C3%83O-DE-COMPRA-2022.pdf\" target=\"_blank\" rel=\"noopener noreferrer\">PRETENS\u00c3O DE COMPRA \u2013 CONTRATA\u00c7\u00c3O DE EMPRESA DO RAMO PARA EXECUTAR SERVI\u00c7OS GR\u00c1FICOS DIVERSOS COM IMPRESS\u00c3O DIGITAL<\/a><\/p>\n<p><a href=\"http:\/\/pocinhos.pb.gov.br\/wp-content\/uploads\/2022\/02\/PRETENS%C3%83O-DE-SERVI%C3%87O-ARTM%C3%8DDIA-2022.pdf\" target=\"_blank\" rel=\"noopener noreferrer\">PRETENS\u00c3O DE SERVI\u00c7O \u2013 CONTRATA\u00c7\u00c3O DE EMPRESA DO RAMO PARA EXECUTAR SERVI\u00c7OS DE CRIA\u00c7\u00c3O E GERENCIAMENTO DE CONTE\u00daDOARTES, MOTION GRAFICS PARA M\u00cdDIAS SOCIAIS<\/a><\/p>\n<p><a href=\"http:\/\/pocinhos.pb.gov.br\/wp-content\/uploads\/2022\/02\/PRETENS%C3%83O-DE-SERVI%C3%87O-003-2022.pdf\" target=\"_blank\" rel=\"noopener noreferrer\">PRETENS\u00c3O DE SERVI\u00c7O \u2013 CONTRATA\u00c7\u00c3O DE EMPRESA DO RAMO PARA EXECUTAR SERVI\u00c7OS DE CRIA\u00c7\u00c3O E GERENCIAMENTO DE CONTE\u00daDOARTES, MOTION GRAFICS PARA M\u00cdDIAS SOCIAIS<\/a><\/p>\n<p><a href=\"http:\/\/pocinhos.pb.gov.br\/wp-content\/uploads\/2022\/02\/DISPENSA-DE-LICITA%C3%87%C3%83O-00002-2022-PAVIMENTA%C3%87%C3%83O-DE-RUAS-NO-MUNIC%C3%8DPIO.pdf\" target=\"_blank\" rel=\"noopener noreferrer\">DISPENSA DE LICITA\u00c7\u00c3O \u2013 00002\/2022 \u2013 PAVIMENTA\u00c7\u00c3O DE RUAS NO MUNIC\u00cdPIO<\/a><\/p>\n<p><a href=\"http:\/\/pocinhos.pb.gov.br\/wp-content\/uploads\/2022\/02\/PRETENS%C3%83O-DE-COMPRA-CONTRATA%C3%87%C3%83O-DE-EMPRESA-DO-RAMO-PARA-AQUISI%C3%87%C3%83O-DE-CADEIRAS-DE-RODAS.pdf\" target=\"_blank\" rel=\"noopener noreferrer\">PRETENS\u00c3O DE COMPRA \u2013 CONTRATA\u00c7\u00c3O DE EMPRESA DO RAMO PARA AQUISI\u00c7\u00c3O DE CADEIRAS DE RODAS<\/a><\/p>\n<p><a href=\"http:\/\/pocinhos.pb.gov.br\/wp-content\/uploads\/2022\/02\/PRETENS%C3%83O-DE-COMPRA-CONTRATA%C3%87%C3%83O-DE-EMPRESA-DO-RAMO-PARA-AQUISI%C3%87%C3%83O-DE-FARDAMENTO-E-BOLSA-PARA-AGENTES-DE-COMBATE-A-ENDEMIAS-AGENTES-COMUNIT%C3%81RIOS-DE-SA%C3%9ADE-E-FISCAIS-DA-VIGIL%C3%82NCIA-SANIT%C3%81RIA.pdf\" target=\"_blank\" rel=\"noopener noreferrer\">PRETENS\u00c3O DE COMPRA \u2013 CONTRATA\u00c7\u00c3O DE EMPRESA DO RAMO PARA AQUISI\u00c7\u00c3O DE FARDAMENTO E BOLSA PARA AGENTES DE COMBATE A ENDEMIAS, AGENTES COMUNIT\u00c1RIOS DE SA\u00daDE E FISCAIS DA VIGIL\u00c2NCIA SANIT\u00c1RIA<\/a><\/p>\n<p><a href=\"http:\/\/pocinhos.pb.gov.br\/wp-content\/uploads\/2022\/02\/PRETENS%C3%83O-DE-COMPRA-006-2022-GRADE-ARADORA-HIDR%C3%81ULICA.pdf\" target=\"_blank\" rel=\"noopener noreferrer\">PRETENS\u00c3O DE COMPRA \u2013 006 2022 GRADE ARADORA HIDR\u00c1ULICA<\/a><\/p>\n<p><a href=\"http:\/\/pocinhos.pb.gov.br\/wp-content\/uploads\/2022\/02\/PRETENS%C3%83O-DE-COMPRA-CONTRATA%C3%87%C3%83O-DE-EMPRESA-DO-RAMO-PARA-AQUISI%C3%87%C3%83O-DE-AR-CONDICIONADO.pdf\" target=\"_blank\" rel=\"noopener noreferrer\">PRETENS\u00c3O DE COMPRA \u2013 CONTRATA\u00c7\u00c3O DE EMPRESA DO RAMO PARA AQUISI\u00c7\u00c3O DE AR CONDICIONADO<\/a><\/p>\n","protected":false},"excerpt":{"rendered":"<p>2025 SERVI\u00c7O PAVIMENTACAO EM PARALELEPIPEDO EM DIVERSAS RUAS DO MUNICIPIO MANIFESTA\u00c7\u00c3O DE INTERESSE \u2013 PAVIMENTA\u00c7\u00c3O 2025 2024 MANIFESTA\u00c7\u00c3O \u2013 CONFEC\u00c7\u00c3O PADR\u00d5ES ESPORTIVOS MANIFESTA\u00c7\u00c3O DE INTERESSE \u2013 ARBITRO MANIFESTA\u00c7\u00c3O DE INTERESSE \u2013 DISCOS GRADE TRATOR MANIFESTA\u00c7\u00c3O DE INTERESSE \u2013 CONFEC\u00c7\u00c3O PADR\u00d5ES ESPORTIVOS MANIFESTA\u00c7\u00c3O DE INTERESSE \u2013 PINTURA E SINALIZA\u00c7\u00c3O HORIZONTAL DE VIAS 2023 PRETENS\u00c3O DE COMPRA&#8230;<\/p>\n","protected":false},"author":1,"featured_media":0,"parent":0,"menu_order":0,"comment_status":"closed","ping_status":"closed","template":"","meta":{"footnotes":""},"class_list":["post-5225","page","type-page","status-publish","hentry"],"aioseo_notices":[],"_links":{"self":[{"href":"https:\/\/pocinhos.pb.gov.br\/site\/wp-json\/wp\/v2\/pages\/5225","targetHints":{"allow":["GET"]}}],"collection":[{"href":"https:\/\/pocinhos.pb.gov.br\/site\/wp-json\/wp\/v2\/pages"}],"about":[{"href":"https:\/\/pocinhos.pb.gov.br\/site\/wp-json\/wp\/v2\/types\/page"}],"author":[{"embeddable":true,"href":"https:\/\/pocinhos.pb.gov.br\/site\/wp-json\/wp\/v2\/users\/1"}],"replies":[{"embeddable":true,"href":"https:\/\/pocinhos.pb.gov.br\/site\/wp-json\/wp\/v2\/comments?post=5225"}],"version-history":[{"count":3,"href":"https:\/\/pocinhos.pb.gov.br\/site\/wp-json\/wp\/v2\/pages\/5225\/revisions"}],"predecessor-version":[{"id":5228,"href":"https:\/\/pocinhos.pb.gov.br\/site\/wp-json\/wp\/v2\/pages\/5225\/revisions\/5228"}],"wp:attachment":[{"href":"https:\/\/pocinhos.pb.gov.br\/site\/wp-json\/wp\/v2\/media?parent=5225"}],"curies":[{"name":"wp","href":"https:\/\/api.w.org\/{rel}","templated":true}]}}

Manifestações

<h1><strong>2025</strong></h1>
<p><a href="http://pocinhos.pb.gov.br/wp-content/uploads/2025/01/SERVICO-PAVIMENTACAO-EM-PARALELEPIPEDO-EM-DIVERSAS-RUAS-DO-MUNICIPIO.pdf" target="_blank" rel="noopener">SERVIÇO PAVIMENTACAO EM PARALELEPIPEDO EM DIVERSAS RUAS DO MUNICIPIO</a></p>
<p><a href="http://pocinhos.pb.gov.br/wp-content/uploads/2025/01/MANIFESTACAO-DE-INTERESSE-PAVIMENTACAO-2025.pdf" target="_blank" rel="noopener">MANIFESTAÇÃO DE INTERESSE – PAVIMENTAÇÃO 2025</a></p>
<h1><strong>2024</strong></h1>
<p><a href="http://pocinhos.pb.gov.br/wp-content/uploads/2022/02/MANIFESTA%C3%87%C3%83O-DISPENSA-DE-LICITA%C3%87%C3%83O-N%C2%BA-DV00002-2024-SERVI%C3%87OS-DE-CONFEC%C3%87%C3%83O-DE-PADR%C3%95ES-ESPORTIVOS.pdf" target="_blank" rel="noopener noreferrer">MANIFESTAÇÃO – CONFECÇÃO PADRÕES ESPORTIVOS</a></p>
<p><a href="http://pocinhos.pb.gov.br/wp-content/uploads/2022/02/MANIFESTA%C3%87%C3%83O-DE-INTERESSE-ARBITRO-1.pdf">MANIFESTAÇÃO DE INTERESSE – ARBITRO</a></p>
<p><a href="http://pocinhos.pb.gov.br/wp-content/uploads/2022/02/MANIFESTA%C3%87%C3%83O-DE-INTERESSE-DISCOS-2.pdf" target="_blank" rel="noopener noreferrer">MANIFESTAÇÃO DE INTERESSE – DISCOS GRADE TRATOR</a></p>
<p><a href="http://pocinhos.pb.gov.br/wp-content/uploads/2022/02/MANIFESTA%C3%87%C3%83O-DE-INTERESSE-PADR%C3%83O.pdf" target="_blank" rel="noopener noreferrer">MANIFESTAÇÃO DE INTERESSE – CONFECÇÃO PADRÕES ESPORTIVOS</a></p>
<p><a href="http://pocinhos.pb.gov.br/wp-content/uploads/2022/02/MANIFESTA%C3%87%C3%83O-DE-INTERESSE-PINTURA.pdf" target="_blank" rel="noopener noreferrer">MANIFESTAÇÃO DE INTERESSE – PINTURA E SINALIZAÇÃO HORIZONTAL DE VIAS</a></p>
<h1><strong>2023</strong></h1>
<p><a href="http://pocinhos.pb.gov.br/wp-content/uploads/2022/02/MANIFESTA%C3%87%C3%83O_PRETENS%C3%83O-DE-COMPRA-EQUIPAMENTOS-2023.pdf" target="_blank" rel="noopener noreferrer">PRETENSÃO DE COMPRA – EQUIPAMENTOS 2023</a></p>
<p><a href="http://pocinhos.pb.gov.br/wp-content/uploads/2022/02/MANIFESTA%C3%87%C3%83O-DE-INTERESSE-PO%C3%87OS.pdf" target="_blank" rel="noopener noreferrer">MANIFESTAÇÃO DE INTERESSE – POÇOS</a></p>
<p><a href="http://pocinhos.pb.gov.br/wp-content/uploads/2022/02/MANIFESTA%C3%87%C3%83O-DE-INTERESSE-ACADEMIA.pdf" target="_blank" rel="noopener noreferrer">MANIFESTAÇÃO DE INTERESSE – ACADEMIA</a></p>
<p><a href="http://pocinhos.pb.gov.br/wp-content/uploads/2022/02/MANIFESTA%C3%87%C3%83O-DE-INTERESSE-CONTRATA%C3%87%C3%83O-EMPRESA-RAMO-EXECUTAR-SERVI%C3%87OS-GR%C3%81FICOS-CONFEC%C3%87%C3%83O-FORMUL%C3%81RIOS-DESTINADOS-ATENDER-DEMANDAS-SECRETARIA-DE-SA%C3%9ADE.pdf" target="_blank" rel="noopener noreferrer">MANIFESTAÇÃO DE INTERESSE – SERVIÇOS GRÁFICOS</a></p>
<h1><strong>2022</strong></h1>
<p><a href="http://pocinhos.pb.gov.br/wp-content/uploads/2022/02/PRETENS%C3%83O-DE-COMPRA-2022.pdf" target="_blank" rel="noopener noreferrer">PRETENSÃO DE COMPRA – CONTRATAÇÃO DE EMPRESA DO RAMO PARA EXECUTAR SERVIÇOS GRÁFICOS DIVERSOS COM IMPRESSÃO DIGITAL</a></p>
<p><a href="http://pocinhos.pb.gov.br/wp-content/uploads/2022/02/PRETENS%C3%83O-DE-SERVI%C3%87O-ARTM%C3%8DDIA-2022.pdf" target="_blank" rel="noopener noreferrer">PRETENSÃO DE SERVIÇO – CONTRATAÇÃO DE EMPRESA DO RAMO PARA EXECUTAR SERVIÇOS DE CRIAÇÃO E GERENCIAMENTO DE CONTEÚDOARTES, MOTION GRAFICS PARA MÍDIAS SOCIAIS</a></p>
<p><a href="http://pocinhos.pb.gov.br/wp-content/uploads/2022/02/PRETENS%C3%83O-DE-SERVI%C3%87O-003-2022.pdf" target="_blank" rel="noopener noreferrer">PRETENSÃO DE SERVIÇO – CONTRATAÇÃO DE EMPRESA DO RAMO PARA EXECUTAR SERVIÇOS DE CRIAÇÃO E GERENCIAMENTO DE CONTEÚDOARTES, MOTION GRAFICS PARA MÍDIAS SOCIAIS</a></p>
<p><a href="http://pocinhos.pb.gov.br/wp-content/uploads/2022/02/DISPENSA-DE-LICITA%C3%87%C3%83O-00002-2022-PAVIMENTA%C3%87%C3%83O-DE-RUAS-NO-MUNIC%C3%8DPIO.pdf" target="_blank" rel="noopener noreferrer">DISPENSA DE LICITAÇÃO – 00002/2022 – PAVIMENTAÇÃO DE RUAS NO MUNICÍPIO</a></p>
<p><a href="http://pocinhos.pb.gov.br/wp-content/uploads/2022/02/PRETENS%C3%83O-DE-COMPRA-CONTRATA%C3%87%C3%83O-DE-EMPRESA-DO-RAMO-PARA-AQUISI%C3%87%C3%83O-DE-CADEIRAS-DE-RODAS.pdf" target="_blank" rel="noopener noreferrer">PRETENSÃO DE COMPRA – CONTRATAÇÃO DE EMPRESA DO RAMO PARA AQUISIÇÃO DE CADEIRAS DE RODAS</a></p>
<p><a href="http://pocinhos.pb.gov.br/wp-content/uploads/2022/02/PRETENS%C3%83O-DE-COMPRA-CONTRATA%C3%87%C3%83O-DE-EMPRESA-DO-RAMO-PARA-AQUISI%C3%87%C3%83O-DE-FARDAMENTO-E-BOLSA-PARA-AGENTES-DE-COMBATE-A-ENDEMIAS-AGENTES-COMUNIT%C3%81RIOS-DE-SA%C3%9ADE-E-FISCAIS-DA-VIGIL%C3%82NCIA-SANIT%C3%81RIA.pdf" target="_blank" rel="noopener noreferrer">PRETENSÃO DE COMPRA – CONTRATAÇÃO DE EMPRESA DO RAMO PARA AQUISIÇÃO DE FARDAMENTO E BOLSA PARA AGENTES DE COMBATE A ENDEMIAS, AGENTES COMUNITÁRIOS DE SAÚDE E FISCAIS DA VIGILÂNCIA SANITÁRIA</a></p>
<p><a href="http://pocinhos.pb.gov.br/wp-content/uploads/2022/02/PRETENS%C3%83O-DE-COMPRA-006-2022-GRADE-ARADORA-HIDR%C3%81ULICA.pdf" target="_blank" rel="noopener noreferrer">PRETENSÃO DE COMPRA – 006 2022 GRADE ARADORA HIDRÁULICA</a></p>
<p><a href="http://pocinhos.pb.gov.br/wp-content/uploads/2022/02/PRETENS%C3%83O-DE-COMPRA-CONTRATA%C3%87%C3%83O-DE-EMPRESA-DO-RAMO-PARA-AQUISI%C3%87%C3%83O-DE-AR-CONDICIONADO.pdf" target="_blank" rel="noopener noreferrer">PRETENSÃO DE COMPRA – CONTRATAÇÃO DE EMPRESA DO RAMO PARA AQUISIÇÃO DE AR CONDICIONADO</a></p>

<p>2025 SERVIÇO PAVIMENTACAO EM PARALELEPIPEDO EM DIVERSAS RUAS DO MUNICIPIO MANIFESTAÇÃO DE INTERESSE – PAVIMENTAÇÃO 2025 2024 MANIFESTAÇÃO – CONFECÇÃO PADRÕES ESPORTIVOS MANIFESTAÇÃO DE INTERESSE – ARBITRO MANIFESTAÇÃO DE INTERESSE – DISCOS GRADE TRATOR MANIFESTAÇÃO DE INTERESSE – CONFECÇÃO PADRÕES ESPORTIVOS MANIFESTAÇÃO DE INTERESSE – PINTURA E SINALIZAÇÃO HORIZONTAL DE VIAS 2023 PRETENSÃO DE COMPRA&#8230;</p>
