{"id":5805,"date":"2025-02-02T00:21:07","date_gmt":"2025-02-02T00:21:07","guid":{"rendered":"https:\/\/pocinhos.pb.gov.br\/site\/?page_id=5805"},"modified":"2026-04-14T18:46:46","modified_gmt":"2026-04-14T18:46:46","slug":"politica-nacional-aldir-blanc-pnab","status":"publish","type":"page","link":"https:\/\/pocinhos.pb.gov.br\/site\/politica-nacional-aldir-blanc-pnab\/","title":{"rendered":"Pol\u00edtica Nacional Aldir Blanc &#8211; PNAB"},"content":{"rendered":"\t\t<div data-elementor-type=\"wp-page\" data-elementor-id=\"5805\" class=\"elementor elementor-5805\">\n\t\t\t\t<div class=\"elementor-element elementor-element-124c9240 e-flex e-con-boxed e-con e-parent\" data-id=\"124c9240\" data-element_type=\"container\">\n\t\t\t\t\t<div class=\"e-con-inner\">\n\t\t\t\t<div class=\"elementor-element elementor-element-4306a8e elementor-widget elementor-widget-n-accordion\" data-id=\"4306a8e\" data-element_type=\"widget\" data-settings=\"{&quot;default_state&quot;:&quot;all_collapsed&quot;,&quot;max_items_expended&quot;:&quot;one&quot;,&quot;n_accordion_animation_duration&quot;:{&quot;unit&quot;:&quot;ms&quot;,&quot;size&quot;:400,&quot;sizes&quot;:[]}}\" data-widget_type=\"nested-accordion.default\">\n\t\t\t\t<div class=\"elementor-widget-container\">\n\t\t\t\t\t\t\t<div class=\"e-n-accordion\" aria-label=\"Accordion. Open links with Enter or Space, close with Escape, and navigate with Arrow Keys\">\n\t\t\t\t\t\t<details id=\"e-n-accordion-item-7020\" class=\"e-n-accordion-item\" >\n\t\t\t\t<summary class=\"e-n-accordion-item-title\" data-accordion-index=\"1\" tabindex=\"0\" aria-expanded=\"false\" aria-controls=\"e-n-accordion-item-7020\" >\n\t\t\t\t\t<span class='e-n-accordion-item-title-header'><div class=\"e-n-accordion-item-title-text\"> CICLO 01 <\/div><\/span>\n\t\t\t\t\t\t\t<span class='e-n-accordion-item-title-icon'>\n\t\t\t<span class='e-opened' ><svg aria-hidden=\"true\" class=\"e-font-icon-svg e-fas-minus\" viewBox=\"0 0 448 512\" xmlns=\"http:\/\/www.w3.org\/2000\/svg\"><path d=\"M416 208H32c-17.67 0-32 14.33-32 32v32c0 17.67 14.33 32 32 32h384c17.67 0 32-14.33 32-32v-32c0-17.67-14.33-32-32-32z\"><\/path><\/svg><\/span>\n\t\t\t<span class='e-closed'><svg aria-hidden=\"true\" class=\"e-font-icon-svg e-fas-plus\" viewBox=\"0 0 448 512\" xmlns=\"http:\/\/www.w3.org\/2000\/svg\"><path d=\"M416 208H272V64c0-17.67-14.33-32-32-32h-32c-17.67 0-32 14.33-32 32v144H32c-17.67 0-32 14.33-32 32v32c0 17.67 14.33 32 32 32h144v144c0 17.67 14.33 32 32 32h32c17.67 0 32-14.33 32-32V304h144c17.67 0 32-14.33 32-32v-32c0-17.67-14.33-32-32-32z\"><\/path><\/svg><\/span>\n\t\t<\/span>\n\n\t\t\t\t\t\t<\/summary>\n\t\t\t\t<div role=\"region\" aria-labelledby=\"e-n-accordion-item-7020\" class=\"elementor-element elementor-element-ccd84da e-con-full e-flex e-con e-child\" data-id=\"ccd84da\" data-element_type=\"container\">\n\t\t\t\t<div class=\"elementor-element elementor-element-83a3891 elementor-widget elementor-widget-text-editor\" data-id=\"83a3891\" data-element_type=\"widget\" data-widget_type=\"text-editor.default\">\n\t\t\t\t<div class=\"elementor-widget-container\">\n\t\t\t\t\t\t\t\t\t<p><strong>LEGISLA\u00c7\u00c3O<\/strong><\/p><p><a href=\"https:\/\/pocinhos.pb.gov.br\/wp-content\/uploads\/2024\/07\/20240709-mensario-extra.pdf\">Comiss\u00e3o<\/a><\/p><p><a href=\"http:\/\/pocinhos.pb.gov.br\/wp-content\/uploads\/2024\/05\/20240528-mensario-extra.pdf\">Convocat\u00f3ria<\/a><\/p><p><a href=\"http:\/\/pocinhos.pb.gov.br\/wp-content\/uploads\/2024\/07\/ATA-POCINHOS-PARR.pdf\">Ata de reuni\u00e3o com artistas<\/a><\/p><p><a href=\"https:\/\/pocinhos.pb.gov.br\/wp-content\/uploads\/2024\/07\/20240724-mensario-extra.pdf\">PARR &#8211; Plano Anual de Aplica\u00e7\u00e3o de Recursos<\/a><\/p><p><strong>INSCRI\u00c7\u00d5ES<\/strong><\/p><p><a href=\"http:\/\/pocinhos.pb.gov.br\/wp-content\/uploads\/2024\/05\/Edital.pdf\">Edital<\/a><\/p><p><a href=\"http:\/\/pocinhos.pb.gov.br\/wp-content\/uploads\/2024\/05\/Formul\u00e1rio-de-Inscri\u00e7\u00e3o.pdf\">Formul\u00e1rio de Inscri\u00e7\u00e3o<\/a><\/p><p><strong>FESTIVAL NATAL ILUMINADO<\/strong><\/p><p><a href=\"http:\/\/pocinhos.pb.gov.br\/wp-content\/uploads\/2024\/05\/Edital-1.pdf\">Edital<\/a><\/p><p><a href=\"http:\/\/pocinhos.pb.gov.br\/wp-content\/uploads\/2024\/05\/Formul\u00e1rio-de-Inscri\u00e7\u00e3o-1.pdf\">Formul\u00e1rio de Inscri\u00e7\u00e3o<\/a><\/p><p><a href=\"http:\/\/pocinhos.pb.gov.br\/wp-content\/uploads\/2024\/05\/Anexo-III.pdf\">Anexo III<\/a><\/p><p><strong>PREMIA\u00c7\u00c3O CULTURAL<\/strong><\/p><p><a href=\"http:\/\/pocinhos.pb.gov.br\/wp-content\/uploads\/2024\/05\/EDITAL-001-PNAB-PRE\u0302MIO-DE-PRODUC\u0327A\u0303O-CULTURAL-2024.pdf\">Edital<\/a><\/p><p><a href=\"http:\/\/pocinhos.pb.gov.br\/wp-content\/uploads\/2024\/05\/Formul\u00e1rio-Premia\u00e7\u00e3o-1.pdf\">Formul\u00e1rio de Inscri\u00e7\u00e3o<\/a><\/p><p><strong>FOMENTO CULTURAL<\/strong><\/p><p><a href=\"http:\/\/pocinhos.pb.gov.br\/wp-content\/uploads\/2024\/05\/EDITAL-002-PNAB-CHAMAMENTO-PUBLICO-PARA-FOMENTO-DE-PROJETOS-2024.pdf\">Edital<\/a><\/p><p><a href=\"http:\/\/pocinhos.pb.gov.br\/wp-content\/uploads\/2024\/05\/FORMULARIO-DE-INSCRIC\u0327A\u0303O-EDITAL-002-PNAB-FOMENTO-A-PROJETOS-CULTURAIS-2024.pdf\">Formul\u00e1rio de Inscri\u00e7\u00e3o<\/a><\/p><p><a href=\"http:\/\/pocinhos.pb.gov.br\/wp-content\/uploads\/2024\/05\/05-ANEXO-III-Plano-de-Trabalho-e-Planilha-Orc\u0327amentaria-EDITAL-002-PNAB-2024.pdf\">Anexo III<\/a><\/p><p><strong>RESULTADOS<\/strong><\/p><p><a href=\"http:\/\/pocinhos.pb.gov.br\/wp-content\/uploads\/2024\/10\/20241004-mensario-extra-suplementar.pdf\">Resultado Final<\/a><\/p><p><a href=\"http:\/\/pocinhos.pb.gov.br\/wp-content\/uploads\/2024\/05\/Resultado-Final.pdf\">Resultado Final 2<\/a><\/p><p><a href=\"http:\/\/pocinhos.pb.gov.br\/wp-content\/uploads\/2024\/05\/20240930-mensario-extra.pdf\">Resultado Preliminar<\/a><\/p><p><a href=\"http:\/\/pocinhos.pb.gov.br\/wp-content\/uploads\/2024\/05\/Resultado-Preliminar.pdf\">Resultado Preliminar 2<\/a><\/p>\t\t\t\t\t\t\t\t<\/div>\n\t\t\t\t<\/div>\n\t\t\t\t<\/div>\n\t\t\t\t\t<\/details>\n\t\t\t\t\t\t<details id=\"e-n-accordion-item-7021\" class=\"e-n-accordion-item\" >\n\t\t\t\t<summary class=\"e-n-accordion-item-title\" data-accordion-index=\"2\" tabindex=\"-1\" aria-expanded=\"false\" aria-controls=\"e-n-accordion-item-7021\" >\n\t\t\t\t\t<span class='e-n-accordion-item-title-header'><div class=\"e-n-accordion-item-title-text\"> CICLO 02 <\/div><\/span>\n\t\t\t\t\t\t\t<span class='e-n-accordion-item-title-icon'>\n\t\t\t<span class='e-opened' ><svg aria-hidden=\"true\" class=\"e-font-icon-svg e-fas-minus\" viewBox=\"0 0 448 512\" xmlns=\"http:\/\/www.w3.org\/2000\/svg\"><path d=\"M416 208H32c-17.67 0-32 14.33-32 32v32c0 17.67 14.33 32 32 32h384c17.67 0 32-14.33 32-32v-32c0-17.67-14.33-32-32-32z\"><\/path><\/svg><\/span>\n\t\t\t<span class='e-closed'><svg aria-hidden=\"true\" class=\"e-font-icon-svg e-fas-plus\" viewBox=\"0 0 448 512\" xmlns=\"http:\/\/www.w3.org\/2000\/svg\"><path d=\"M416 208H272V64c0-17.67-14.33-32-32-32h-32c-17.67 0-32 14.33-32 32v144H32c-17.67 0-32 14.33-32 32v32c0 17.67 14.33 32 32 32h144v144c0 17.67 14.33 32 32 32h32c17.67 0 32-14.33 32-32V304h144c17.67 0 32-14.33 32-32v-32c0-17.67-14.33-32-32-32z\"><\/path><\/svg><\/span>\n\t\t<\/span>\n\n\t\t\t\t\t\t<\/summary>\n\t\t\t\t<div role=\"region\" aria-labelledby=\"e-n-accordion-item-7021\" class=\"elementor-element elementor-element-02a2bd5 e-flex e-con-boxed e-con e-child\" data-id=\"02a2bd5\" data-element_type=\"container\">\n\t\t\t\t\t<div class=\"e-con-inner\">\n\t\t\t\t<div class=\"elementor-element elementor-element-f194041 elementor-widget elementor-widget-text-editor\" data-id=\"f194041\" data-element_type=\"widget\" data-widget_type=\"text-editor.default\">\n\t\t\t\t<div class=\"elementor-widget-container\">\n\t\t\t\t\t\t\t\t\t<p><a href=\"https:\/\/pocinhos.pb.gov.br\/site\/wp-content\/uploads\/2025\/11\/20251111-mensario-edicao-extra.pdf\">PAR Di\u00e1rio Oficial<\/a><\/p><p><a href=\"https:\/\/pocinhos.pb.gov.br\/site\/wp-content\/uploads\/2026\/03\/Edital-001-PNAB-Ciclo-2.pdf\">Edital 001 &#8211; PNAB Ciclo 2<\/a><\/p><p><a href=\"https:\/\/pocinhos.pb.gov.br\/site\/wp-content\/uploads\/2026\/03\/Ficha-de-Inscricao-e-Anexos.pdf\">Ficha de Inscri\u00e7\u00e3o e Anexos<\/a><\/p><p><a href=\"https:\/\/pocinhos.pb.gov.br\/site\/wp-content\/uploads\/2026\/04\/Resultado-Preliminar-Edital-001.pdf\">Resultado Preliminar &#8211; Edital 001<\/a><\/p><p><a href=\"https:\/\/pocinhos.pb.gov.br\/site\/wp-content\/uploads\/2026\/04\/Resultado-Final-Oficial.pdf\">Resultado Final Oficial<\/a><\/p>\t\t\t\t\t\t\t\t<\/div>\n\t\t\t\t<\/div>\n\t\t\t\t\t<\/div>\n\t\t\t\t<\/div>\n\t\t\t\t\t<\/details>\n\t\t\t\t\t<\/div>\n\t\t\t\t\t\t<\/div>\n\t\t\t\t<\/div>\n\t\t\t\t\t<\/div>\n\t\t\t\t<\/div>\n\t\t\t\t<\/div>\n\t\t","protected":false},"excerpt":{"rendered":"<p>CICLO 01 LEGISLA\u00c7\u00c3O Comiss\u00e3o Convocat\u00f3ria Ata de reuni\u00e3o com artistas PARR &#8211; Plano Anual de Aplica\u00e7\u00e3o de Recursos INSCRI\u00c7\u00d5ES Edital Formul\u00e1rio de Inscri\u00e7\u00e3o FESTIVAL NATAL ILUMINADO Edital Formul\u00e1rio de Inscri\u00e7\u00e3o Anexo III PREMIA\u00c7\u00c3O CULTURAL Edital Formul\u00e1rio de Inscri\u00e7\u00e3o FOMENTO CULTURAL Edital Formul\u00e1rio de Inscri\u00e7\u00e3o Anexo III RESULTADOS Resultado Final Resultado Final 2 Resultado Preliminar Resultado&#8230;<\/p>\n","protected":false},"author":1,"featured_media":0,"parent":0,"menu_order":0,"comment_status":"closed","ping_status":"closed","template":"","meta":{"footnotes":""},"class_list":["post-5805","page","type-page","status-publish","hentry"],"aioseo_notices":[],"_links":{"self":[{"href":"https:\/\/pocinhos.pb.gov.br\/site\/wp-json\/wp\/v2\/pages\/5805","targetHints":{"allow":["GET"]}}],"collection":[{"href":"https:\/\/pocinhos.pb.gov.br\/site\/wp-json\/wp\/v2\/pages"}],"about":[{"href":"https:\/\/pocinhos.pb.gov.br\/site\/wp-json\/wp\/v2\/types\/page"}],"author":[{"embeddable":true,"href":"https:\/\/pocinhos.pb.gov.br\/site\/wp-json\/wp\/v2\/users\/1"}],"replies":[{"embeddable":true,"href":"https:\/\/pocinhos.pb.gov.br\/site\/wp-json\/wp\/v2\/comments?post=5805"}],"version-history":[{"count":34,"href":"https:\/\/pocinhos.pb.gov.br\/site\/wp-json\/wp\/v2\/pages\/5805\/revisions"}],"predecessor-version":[{"id":7832,"href":"https:\/\/pocinhos.pb.gov.br\/site\/wp-json\/wp\/v2\/pages\/5805\/revisions\/7832"}],"wp:attachment":[{"href":"https:\/\/pocinhos.pb.gov.br\/site\/wp-json\/wp\/v2\/media?parent=5805"}],"curies":[{"name":"wp","href":"https:\/\/api.w.org\/{rel}","templated":true}]}}

Política Nacional Aldir Blanc &#8211; PNAB

<div data-elementor-type="wp-page" data-elementor-id="5805" class="elementor elementor-5805">
				<div class="elementor-element elementor-element-124c9240 e-flex e-con-boxed e-con e-parent" data-id="124c9240" data-element_type="container">
					<div class="e-con-inner">
				<div class="elementor-element elementor-element-4306a8e elementor-widget elementor-widget-n-accordion" data-id="4306a8e" data-element_type="widget" data-settings="{&quot;default_state&quot;:&quot;all_collapsed&quot;,&quot;max_items_expended&quot;:&quot;one&quot;,&quot;n_accordion_animation_duration&quot;:{&quot;unit&quot;:&quot;ms&quot;,&quot;size&quot;:400,&quot;sizes&quot;:[]}}" data-widget_type="nested-accordion.default">
				<div class="elementor-widget-container">
							<div class="e-n-accordion" aria-label="Accordion. Open links with Enter or Space, close with Escape, and navigate with Arrow Keys">
						<details id="e-n-accordion-item-7020" class="e-n-accordion-item" >
				<summary class="e-n-accordion-item-title" data-accordion-index="1" tabindex="0" aria-expanded="false" aria-controls="e-n-accordion-item-7020" >
					<span class='e-n-accordion-item-title-header'><div class="e-n-accordion-item-title-text"> CICLO 01 </div></span>
							<span class='e-n-accordion-item-title-icon'>
			<span class='e-opened' ><svg aria-hidden="true" class="e-font-icon-svg e-fas-minus" viewBox="0 0 448 512" xmlns="http://www.w3.org/2000/svg"><path d="M416 208H32c-17.67 0-32 14.33-32 32v32c0 17.67 14.33 32 32 32h384c17.67 0 32-14.33 32-32v-32c0-17.67-14.33-32-32-32z"></path></svg></span>
			<span class='e-closed'><svg aria-hidden="true" class="e-font-icon-svg e-fas-plus" viewBox="0 0 448 512" xmlns="http://www.w3.org/2000/svg"><path d="M416 208H272V64c0-17.67-14.33-32-32-32h-32c-17.67 0-32 14.33-32 32v144H32c-17.67 0-32 14.33-32 32v32c0 17.67 14.33 32 32 32h144v144c0 17.67 14.33 32 32 32h32c17.67 0 32-14.33 32-32V304h144c17.67 0 32-14.33 32-32v-32c0-17.67-14.33-32-32-32z"></path></svg></span>
		</span>

						</summary>
				<div role="region" aria-labelledby="e-n-accordion-item-7020" class="elementor-element elementor-element-ccd84da e-con-full e-flex e-con e-child" data-id="ccd84da" data-element_type="container">
				<div class="elementor-element elementor-element-83a3891 elementor-widget elementor-widget-text-editor" data-id="83a3891" data-element_type="widget" data-widget_type="text-editor.default">
				<div class="elementor-widget-container">
									<p><strong>LEGISLAÇÃO</strong></p><p><a href="https://pocinhos.pb.gov.br/wp-content/uploads/2024/07/20240709-mensario-extra.pdf">Comissão</a></p><p><a href="http://pocinhos.pb.gov.br/wp-content/uploads/2024/05/20240528-mensario-extra.pdf">Convocatória</a></p><p><a href="http://pocinhos.pb.gov.br/wp-content/uploads/2024/07/ATA-POCINHOS-PARR.pdf">Ata de reunião com artistas</a></p><p><a href="https://pocinhos.pb.gov.br/wp-content/uploads/2024/07/20240724-mensario-extra.pdf">PARR &#8211; Plano Anual de Aplicação de Recursos</a></p><p><strong>INSCRIÇÕES</strong></p><p><a href="http://pocinhos.pb.gov.br/wp-content/uploads/2024/05/Edital.pdf">Edital</a></p><p><a href="http://pocinhos.pb.gov.br/wp-content/uploads/2024/05/Formulário-de-Inscrição.pdf">Formulário de Inscrição</a></p><p><strong>FESTIVAL NATAL ILUMINADO</strong></p><p><a href="http://pocinhos.pb.gov.br/wp-content/uploads/2024/05/Edital-1.pdf">Edital</a></p><p><a href="http://pocinhos.pb.gov.br/wp-content/uploads/2024/05/Formulário-de-Inscrição-1.pdf">Formulário de Inscrição</a></p><p><a href="http://pocinhos.pb.gov.br/wp-content/uploads/2024/05/Anexo-III.pdf">Anexo III</a></p><p><strong>PREMIAÇÃO CULTURAL</strong></p><p><a href="http://pocinhos.pb.gov.br/wp-content/uploads/2024/05/EDITAL-001-PNAB-PRÊMIO-DE-PRODUÇÃO-CULTURAL-2024.pdf">Edital</a></p><p><a href="http://pocinhos.pb.gov.br/wp-content/uploads/2024/05/Formulário-Premiação-1.pdf">Formulário de Inscrição</a></p><p><strong>FOMENTO CULTURAL</strong></p><p><a href="http://pocinhos.pb.gov.br/wp-content/uploads/2024/05/EDITAL-002-PNAB-CHAMAMENTO-PUBLICO-PARA-FOMENTO-DE-PROJETOS-2024.pdf">Edital</a></p><p><a href="http://pocinhos.pb.gov.br/wp-content/uploads/2024/05/FORMULARIO-DE-INSCRIÇÃO-EDITAL-002-PNAB-FOMENTO-A-PROJETOS-CULTURAIS-2024.pdf">Formulário de Inscrição</a></p><p><a href="http://pocinhos.pb.gov.br/wp-content/uploads/2024/05/05-ANEXO-III-Plano-de-Trabalho-e-Planilha-Orçamentaria-EDITAL-002-PNAB-2024.pdf">Anexo III</a></p><p><strong>RESULTADOS</strong></p><p><a href="http://pocinhos.pb.gov.br/wp-content/uploads/2024/10/20241004-mensario-extra-suplementar.pdf">Resultado Final</a></p><p><a href="http://pocinhos.pb.gov.br/wp-content/uploads/2024/05/Resultado-Final.pdf">Resultado Final 2</a></p><p><a href="http://pocinhos.pb.gov.br/wp-content/uploads/2024/05/20240930-mensario-extra.pdf">Resultado Preliminar</a></p><p><a href="http://pocinhos.pb.gov.br/wp-content/uploads/2024/05/Resultado-Preliminar.pdf">Resultado Preliminar 2</a></p>								</div>
				</div>
				</div>
					</details>
						<details id="e-n-accordion-item-7021" class="e-n-accordion-item" >
				<summary class="e-n-accordion-item-title" data-accordion-index="2" tabindex="-1" aria-expanded="false" aria-controls="e-n-accordion-item-7021" >
					<span class='e-n-accordion-item-title-header'><div class="e-n-accordion-item-title-text"> CICLO 02 </div></span>
							<span class='e-n-accordion-item-title-icon'>
			<span class='e-opened' ><svg aria-hidden="true" class="e-font-icon-svg e-fas-minus" viewBox="0 0 448 512" xmlns="http://www.w3.org/2000/svg"><path d="M416 208H32c-17.67 0-32 14.33-32 32v32c0 17.67 14.33 32 32 32h384c17.67 0 32-14.33 32-32v-32c0-17.67-14.33-32-32-32z"></path></svg></span>
			<span class='e-closed'><svg aria-hidden="true" class="e-font-icon-svg e-fas-plus" viewBox="0 0 448 512" xmlns="http://www.w3.org/2000/svg"><path d="M416 208H272V64c0-17.67-14.33-32-32-32h-32c-17.67 0-32 14.33-32 32v144H32c-17.67 0-32 14.33-32 32v32c0 17.67 14.33 32 32 32h144v144c0 17.67 14.33 32 32 32h32c17.67 0 32-14.33 32-32V304h144c17.67 0 32-14.33 32-32v-32c0-17.67-14.33-32-32-32z"></path></svg></span>
		</span>

						</summary>
				<div role="region" aria-labelledby="e-n-accordion-item-7021" class="elementor-element elementor-element-02a2bd5 e-flex e-con-boxed e-con e-child" data-id="02a2bd5" data-element_type="container">
					<div class="e-con-inner">
				<div class="elementor-element elementor-element-f194041 elementor-widget elementor-widget-text-editor" data-id="f194041" data-element_type="widget" data-widget_type="text-editor.default">
				<div class="elementor-widget-container">
									<p><a href="https://pocinhos.pb.gov.br/site/wp-content/uploads/2025/11/20251111-mensario-edicao-extra.pdf">PAR Diário Oficial</a></p><p><a href="https://pocinhos.pb.gov.br/site/wp-content/uploads/2026/03/Edital-001-PNAB-Ciclo-2.pdf">Edital 001 &#8211; PNAB Ciclo 2</a></p><p><a href="https://pocinhos.pb.gov.br/site/wp-content/uploads/2026/03/Ficha-de-Inscricao-e-Anexos.pdf">Ficha de Inscrição e Anexos</a></p><p><a href="https://pocinhos.pb.gov.br/site/wp-content/uploads/2026/04/Resultado-Preliminar-Edital-001.pdf">Resultado Preliminar &#8211; Edital 001</a></p><p><a href="https://pocinhos.pb.gov.br/site/wp-content/uploads/2026/04/Resultado-Final-Oficial.pdf">Resultado Final Oficial</a></p>								</div>
				</div>
					</div>
				</div>
					</details>
					</div>
						</div>
				</div>
					</div>
				</div>
				</div>

<p>CICLO 01 LEGISLAÇÃO Comissão Convocatória Ata de reunião com artistas PARR &#8211; Plano Anual de Aplicação de Recursos INSCRIÇÕES Edital Formulário de Inscrição FESTIVAL NATAL ILUMINADO Edital Formulário de Inscrição Anexo III PREMIAÇÃO CULTURAL Edital Formulário de Inscrição FOMENTO CULTURAL Edital Formulário de Inscrição Anexo III RESULTADOS Resultado Final Resultado Final 2 Resultado Preliminar Resultado&#8230;</p>
